re the prime factors of 67227414?
2, 3, 2657, 4217
What are the prime factors of 59080463?
13, 1171, 3881
List the prime factors of 136519116.
2, 3, 11376593
List the prime factors of 36626669.
43, 59, 14437
What are the prime factors of 601632802?
2, 37, 281, 28933
List the prime factors of 122764541.
122764541
What are the prime factors of 730130997?
3, 83, 1667, 1759
List the prime factors of 6537355410.
2, 3, 5, 103, 281, 7529
List the prime factors of 646795754.
2, 11, 109, 269723
What are the prime factors of 5054843349?
3, 59, 2251, 4229
List the prime factors of 5435788.
2, 31, 59, 743
What are the prime factors of 21556140?
2, 3, 5, 277, 1297
What are the prime factors of 3744104286?
2, 3, 13, 157, 305741
List the prime factors of 3071100625.
5, 19, 107, 2417
List the prime factors of 10053117.
3, 1117013
List the prime factors of 123767116.
2, 11, 1543, 1823
What are the prime factors of 166228352?
2, 53, 107, 229
What are the prime factors of 53028312?
2, 3, 293, 7541
What are the prime factors of 213776450?
2, 5, 193, 22153
What are the prime factors of 1248973854?
2, 3, 19, 10955911
What are the prime factors of 101838568?
2, 13, 17, 57601
What are the prime factors of 4803383179?
7, 19, 37, 149, 6551
What are the prime factors of 3064909564?
2, 766227391
List the prime factors of 2213352762.
2, 3, 967, 381481
What are the prime factors of 672328662?
2, 3, 1259, 89003
List the prime factors of 4701930909.
3, 13, 71, 1698061
List the prime factors of 304288658.
2, 1549, 98221
List the prime factors of 183834063.
3, 7, 19, 51193
List the prime factors of 2754334757.
2754334757
List the prime factors of 3945568.
2, 11, 1019
List the prime factors of 588594655.
5, 11, 17, 629513
What are the prime factors of 100190017?
71, 1411127
List the prime factors of 549904378.
2, 23, 11954443
List the prime factors of 106111504.
2, 19, 349051
List the prime factors of 34163082.
2, 3, 1897949
What are the prime factors of 372641859?
3, 73, 567187
What are the prime factors of 2380025398?
2, 17, 4117691
What are the prime factors of 250506699?
3, 83, 521, 1931
What are the prime factors of 74076532?
2, 18519133
List the prime factors of 210769108.
2, 11, 281, 17047
List the prime factors of 224630.
2, 5, 7, 3209
What are the prime factors of 252640590?
2, 3, 5, 73, 115361
What are the prime factors of 222639234?
2, 3, 5189, 7151
What are the prime factors of 53716547?
101, 531847
List the prime factors of 61805508.
2, 3, 23, 151, 1483
What are the prime factors of 2192139201?
3, 7, 53, 853, 2309
List the prime factors of 4943595.
3, 5, 67, 4919
List the prime factors of 763974845.
5, 152794969
List the prime factors of 639148628.
2, 10847, 14731
What are the prime factors of 142135202?
2, 11, 6460691
List the prime factors of 29449439.
41, 17519
What are the prime factors of 2520775117?
7, 360110731
What are the prime factors of 352100719?
17, 20711807
List the prime factors of 4395230.
2, 5, 7, 37, 1697
What are the prime factors of 4898096071?
11, 53, 8401537
List the prime factors of 3523048095.
3, 5, 7, 487, 68897
What are the prime factors of 107274220?
2, 5, 5363711
What are the prime factors of 311528908?
2, 947, 82241
What are the prime factors of 2896852795?
5, 73, 7936583
List the prime factors of 13167144.
2, 3, 47, 1297
List the prime factors of 52608947.
5413, 9719
List the prime factors of 62670427.
41, 73, 20939
What are the prime factors of 78364369?
47, 53, 163, 193
List the prime factors of 278801227.
47, 5931941
List the prime factors of 3711568819.
7, 530224117
List the prime factors of 3691698.
2, 3, 157, 3919
What are the prime factors of 338934808?
2, 23, 181, 10177
List the prime factors of 69870620.
2, 5, 61, 57271
List the prime factors of 884857114.
2, 1861, 237737
What are the prime factors of 1029673308?
2, 3, 19, 31, 145681
List the prime factors of 10993380.
2, 3, 5, 43, 4261
List the prime factors of 18596798.
2, 11, 845309
List the prime factors of 72577672.
2, 107, 84787
What are the prime factors of 835619563?
19, 43979977
List the prime factors of 11019524.
2, 43, 64067
List the prime factors of 64935059.
7, 47, 197371
What are the prime factors of 48749728?
2, 1523429
What are the prime factors of 236130639?
3, 78710213
List the prime factors of 510951100.
2, 5, 11, 47, 9883
List the prime factors of 445934848.
2, 67, 25999
What are the prime factors of 16893291?
3, 17, 331241
What are the prime factors of 3699241225?
5, 17, 23, 378439
What are the prime factors of 394956902?
2, 89, 107, 233
What are the prime factors of 293179999?
7, 149, 181, 1553
List the prime factors of 1438879204.
2, 7, 51388543
What are the prime factors of 109779421?
17, 6457613
List the prime factors of 24952832.
2, 1523
List the prime factors of 13183555.
5, 7, 11, 283
What are the prime factors of 561038841?
3, 11, 193, 29363
List the prime factors of 78924181.
7, 1289, 8747
List the prime factors of 1755065932.
2, 367, 1195549
List the prime factors of 5424076473.
3, 1808025491
What are the prime factors of 124858877?
11, 13, 873139
What are the prime factors of 1514611473?
3, 83, 191, 31847
What are the prime factors of 1617252477?
3, 1997, 269947
List the prime factors of 523707042.
2, 3, 87284507
List the prime factors of 175589678.
2, 11, 19, 22109
List the prime factors of 439155731.
7, 62736533
What are the prime factors of 23154112?
2, 331, 1093
List the prime factors of 174159566.
2, 7, 12439969
What are the prime factors of 8981954?
2, 4490977
What are the prime factors of 54596625?
3, 5, 41, 53, 67
What are the prime factors of 149025304?
2, 113, 353, 467
List the prime factors of 59352767.
3593, 16519
What are the prime factors of 39149321?
39149321
List the prime factors of 223913938.
2, 2579, 43411
What are the prime factors of 21834310?
2, 5, 2183431
List the prime factors of 231845737.
37, 73, 85837
List the prime factors of 350123521.
11, 719, 44269
List the prime factors of 7398431334.
2, 3, 7, 151, 388859
What are the prime factors of 37087601?
19, 733, 2663
List the prime factors of 11483026.
2, 23, 107, 2333
What are the prime factors of 1271838404?
2, 137, 2320873
List the prime factors of 308232843.
3, 269, 381949
What are the prime factors of 699208105?
5, 7919, 17659
What are the prime factors of 738618625?
5, 97, 60917
What are the prime factors of 51554962?
2, 2843, 9067
List the prime factors of 37942480.
2, 5, 73, 89
List the prime factors of 1830927.
3, 7, 87187
What are the prime factors of 162560534?
2, 81280267
What are the prime factors of 179709046?
2, 11, 31, 263503
What are the prime factors of 29795192?
2, 7, 19, 41, 683
List the prime factors of 23128090.
2, 5, 2312809
What are the prime factors of 133616393?
6143, 21751
List the prime factors of 1292736573.
3, 19, 7559863
List the prime factors of 50978555.
5, 10195711
What are the prime factors of 574289607?
3, 191429869
What are the prime factors of 290967287?
13, 127, 176237
List the prime factors of 394725746.
2, 73, 2703601
List the prime factors of 15962126.
2, 97, 82279
List the prime factors of 638176247.
653, 977299
List the prime factors of 105352903.
23, 41, 111721
List the prime factors of 112893932.
2, 257, 109819
List the prime factors of 885882157.
37, 83, 288467
List the prime factors of 64913906.
2, 41, 131, 6043
What are the prime factors of 4384104810?
2, 3, 5, 2281, 64067
List the prime factors of 8953503025.
5, 1627, 220123
List the prime factors of 371857013.
11, 33805183
What are the prime factors of 185996940?
2, 3, 5, 607, 5107
List the prime factors of 59862513.
3, 19954171
What are the prime factors of 6145006476?
2, 3, 7, 3061, 23899
List the prime factors of 507060084.
2, 3, 971, 43517
List the prime factors of 1981495635.
3, 5, 7, 61, 309367
What are the prime factors of 1743916158?
2, 3, 1867, 51893
What are the prime factors of 32434629?
3, 10811543
What are the prime factors of 1370397319?
17, 80611607
What are the prime factors of 122832154?
2, 61416077
What are the prime factors of 458459029?
7, 65494147
List the prime factors of 5027909652.
2, 3, 5807, 8017
List the prime factors of 28912744.
2, 7, 73757
What are the prime factors of 24167610?
2, 3, 5, 268529
List the prime factors of 52158519.
3, 7, 41